n + 28. What is the greatest common factor of b and n?
29
Suppose 0 = -9*m + 3371 + 42745. Let x be ((-17)/3 + 2)*m/(-28). Calculate the greatest common factor of 11 and x.
11
Let b be 20/(20/39) - 3. Let q be (-32)/10*150/(-4). What is the greatest common divisor of b and q?
12
Let t = -85 - -225. Suppose 0 = -2*k - 2*k - t. Let h be 28/k - 488/(-10). Calculate the highest common factor of h and 6.
6
Let q = -108 + 207. Suppose -5*l - 4*d = -q, 0*d + 24 = l + 5*d. Suppose 5*h = -4*v + 69, 0 = -2*v + h + l - 2. What is the highest common factor of v and 11?
11
Let x be ((-15)/20)/(-3) + (-7052)/(-16). Suppose 1368*l + 245 = 1373*l. Calculate the greatest common factor of l and x.
49
Suppose 3*s + 58 = 4*s. Let r = 16 - -216. Calculate the greatest common factor of r and s.
58
Let a(v) = 7*v - 3. Let j be a(2). Let b(x) = x**2 + 2*x - 244. Let o be b(0). Let m be (o/2)/(-1) + -1. Calculate the greatest common factor of j and m.
11
Let k(n) = -2*n**3 + 34*n**2 - n + 22. Let v be k(17). Let s(h) = -3*h + 15 + 21 - 4*h + v*h. Let d be s(-12). What is the greatest common divisor of d and 12?
12
Let p = 81 - 71. Suppose -10*s = -5*s + p. Let g be (5 + -53)*1/s. Calculate the highest common factor of g and 12.
12
Suppose -475 = -4*a + p, -275*p = 5*a - 280*p - 590. Calculate the highest common factor of a and 68.
17
Let x be ((-102)/4)/(34/8 - 5). Let o = x + -40. Let b(v) = -34*v + 12. Let w be b(o). What is the highest common divisor of 24 and w?
24
Let k(h) = -4*h**2 - 25*h - 127. Let z be k(-8). Let o = z + 191. What is the highest common factor of 12 and o?
4
Suppose 106 = 4*c - 3*h, -3 = 6*c - h - 141. Calculate the greatest common divisor of 5346 and c.
22
Suppose -176 = 10*i + i. Let n be (-30)/(-6 + i/(-3)). Calculate the greatest common divisor of n and 30.
15
Let x be (608/20)/(2/10). Let j = 56 - 23. Let m = j - -5. Calculate the greatest common factor of x and m.
38
Let g(o) = -o**2 + 12*o - 38. Let x be g(6). Let f be -1*(-1)/(x/(-24)). Let s be 40/f*(-24)/(-10). What is the greatest common divisor of 16 and s?
8
Suppose 5*t = -c - 0*t - 9, -c + 11 = t. Let s(j) = j**3 - 22*j**2 + 96*j + 5. Let q be s(c). Calculate the highest common divisor of 45 and q.
5
Let t = -7644 - -7686. Calculate the greatest common divisor of t and 189.
21
Let t(m) = 7*m**3 + m**2 + 4*m + 1. Let g be t(2). Suppose 51 = 2*n - p, -6*n - p + g = -3*n. Let u = n + 48. Calculate the highest common divisor of u and 9.
9
Let c be 5 - (-6)/2*(-3)/(-3). Let b(g) = -3*g - 10. Let o be b(-6). What is the greatest common factor of c and o?
8
Let i be (((-15)/25)/(-1))/(-5 - 526/(-105)). What is the greatest common factor of i and 2889?
9
Let z(n) = -53*n + 239. Let u be z(4). What is the greatest common divisor of u and 3735?
9
Suppose -l + 4 = -0. Suppose 4*p = b - 16, -l = 3*b + 5*p - 1. Suppose v - 30 = -b*v. Calculate the highest common factor of 12 and v.
6
Suppose -7*q + 2553 = 390. Suppose -3*b + 87 + q = 0. Let f(k) = k**3 + 10*k**2 + 18*k + 28. Let z be f(-8). Calculate the greatest common factor of z and b.
12
Suppose n + 64 = 9*n. Let d be n/10*5*2. Calculate the highest common divisor of 136 and d.
8
Let x(j) = -j**3 - 16*j**2 + j + 21. Let o be x(-16). Suppose -i + 2*i = -d + 14, -o*d - i + 78 = 0. What is the highest common divisor of d and 32?
16
Let m(g) = -40*g**2 + 311*g - 30. Let b be m(5). Calculate the highest common divisor of b and 630.
105
Let b(a) = 2*a**2 - 14*a - 12. Let v be b(8). Suppose -v + 22 = 6*z. Let y(l) = 9*l - 9. Let x be y(4). Calculate the greatest common divisor of x and z.
3
Let h be -6*(2 + 21/(-9)). Suppose -h*k - 21*k = -5175. Calculate the highest common divisor of k and 25.
25
Let d = -184 - -190. Suppose 0 = d*z + 40 - 70. Let i = -6 - -11. Calculate the highest common factor of z and i.
5
Let p = -110 + 189. Let i = -66 + p. What is the highest common factor of i and 39?
13
Let t(z) = -z**2 + 28*z + 330. Let a be t(-8). Let n(d) = -16*d + 2. Let u be n(-4). Calculate the greatest common factor of u and a.
6
Suppose -4*b - 281 = -4*m + 827, 0 = -m - 5*b + 295. Let s be (-3)/18*14*-3. What is the highest common divisor of s and m?
7
Suppose -14 + 9 = 5*x. Let d be x*(-304)/24*(-51)/(-2). What is the highest common factor of d and 34?
17
Let j be 2 - 13 - (38 + -174). Calculate the greatest common factor of 675 and j.
25
Let p(w) = w**2 + 871*w - 6074. Let t be p(7). What is the highest common divisor of t and 33696?
72
Suppose -j = -2*y - 1, 7*j - 3*j - 34 = -2*y. Suppose -5*m = -j*m + 2*a + 346, m - 5*a = 185. Calculate the highest common divisor of m and 136.
34
Let n be (-4)/(-10) + (-252)/(-20). Let k = 16 - n. Suppose 1 = -p + k*i, -p + 0*p + 24 = 2*i. Calculate the greatest common factor of 14 and p.
14
Suppose 113 = 14*v + 15. Suppose 3*r - 4*m = 372, v*m - 345 = -3*r + 2*m. Calculate the greatest common divisor of r and 90.
30
Suppose -32*j + 2768 + 2800 = 0. Calculate the highest common divisor of j and 30.
6
Let s = 14 + -7. Let f(o) = 13*o - o**3 - 4 - 2 + 20*o**2 - 14*o**2. Let r be f(s). What is the highest common factor of r and 12?
12
Let z(d) = -16*d - 28. Let r be z(3). Let l(u) = -4*u**3 + 2*u**2 + 3*u - 4. Let x be l(3). Let n = r - x. Calculate the highest common factor of 63 and n.
9
Let z(w) = 6*w + 182. Let h be z(-29). What is the highest common factor of 1052 and h?
4
Suppose -11*v = -10*v - 4*t - 125, v - 5*t = 130. Calculate the greatest common factor of v and 196.
7
Let c(t) = t**3 - 5*t**2 + 28*t + 12. Let n be c(0). What is the highest common divisor of n and 37980?
12
Suppose 81*t = 82*t + 145*t - 2245188. What is the greatest common divisor of t and 66?
66
Let r(d) = 2 + 2*d - 5*d - 10. Let f = 2377 - 2382. Let t be r(f). What is the highest common divisor of 49 and t?
7
Let c be (-11)/(231/(-14))*138. Let r = c - 91. Calculate the highest common divisor of 31 and r.
1
Suppose 2*p + 13 = -5*g - 13, 3*p = -4*g - 18. Let i = 12 - 5. Let t = g + i. What is the highest common factor of t and 11?
1
Let b be 63/14*24/36*504/1. What is the greatest common divisor of 630 and b?
126
Let i be 8 + (-13 + 572 - 6). Calculate the highest common divisor of i and 408.
51
Let r(j) = -2*j**3 + 14*j**2 + 38*j + 18. Let a be r(-2). Let w(v) = -v**3 - v**2 - 4. Let s be w(-3). Calculate the highest common factor of s and a.
14
Suppose -3*u + 6711 = 3*l, 3*u - 2906 = 3*l - 9647. Calculate the highest common factor of 177 and l.
59
Suppose -2*l = -3*h - 4052 + 39670, -5*l - 11903 = -h. What is the highest common divisor of h and 129?
129
Let v(a) = -a**3 + 10*a**2 + 149*a - 34. Let w be v(18). What is the highest common divisor of w and 1834?
14
Suppose 0*a - 4*a = -g - 16, 3 = 3*a - 3*g. Suppose 4*n = -3*s + 148, 5*n - 224 + 44 = -a*s. What is the highest common factor of n and 80?
40
Let p be (-26)/8*(1 + -5). Let q be 1*(352 - -1) - ((-4730)/(-43))/55. What is the greatest common factor of p and q?
13
Suppose 3*q - 272 = -263, -s + 3*q + 486 = 0. Calculate the greatest common factor of s and 242.
11
Let h(x) = -2*x**3 - 63*x**2 - 30*x + 25. Let v be h(-31). Let s be (1 + v)/(-6 + 5). What is the highest common factor of 40 and s?
5
Suppose 24*x - 25203 = 20*x - 3*t, -6*t + 31506 = 5*x. What is the highest common factor of x and 12?
12
Let n = -248 - -278. Let s(o) = 52*o**2 + 45*o - 142. Let z be s(4). What is the highest common factor of n and z?
30
Let r(i) = -2*i + 16. Let z be r(-12). Let u = z + -17. Let m(g) = -2*g**3 + 2*g**2 + g + 5. Let d be m(-4). What is the highest common divisor of u and d?
23
Let m = 329 - 324. Let q(a) = -a**3 + 6*a**2 - 6*a + 25. Let n be q(m). Calculate the greatest common factor of 310 and n.
10
Suppose -579 = 2*q - 587, 2*q = -5*u + 107053. What is the highest common factor of u and 79?
79
Let i(u) = -u**3 + 23*u**2 - 9*u + 2. Let t be i(22). Suppose -582*d = -586*d + t. Calculate the greatest common factor of d and 99.
9
Suppose 1066 = 4*b - c - c, -b + 2*c = -274. Let m = b - 443. Let r be m/(-4) - 3/(-12). What is the highest common factor of r and 15?
15
Suppose 25*v + 849 = 37*v + 165. Calculate the highest common divisor of 3363 and v.
57
Suppose 4*t + 8 = 2*v + 3*v, 4 = 2*v - 2*t. Suppose v = d - f - 9, -2*d - 4*f = -13 - 5. Calculate the greatest common factor of 1